{"id":33076,"date":"2025-02-04T19:39:58","date_gmt":"2025-02-04T19:39:58","guid":{"rendered":"https:\/\/lescollectionsprivees.com\/?post_type=product&#038;p=33076"},"modified":"2026-02-23T22:42:47","modified_gmt":"2026-02-23T22:42:47","slug":"parfum-dinterieur-maali","status":"publish","type":"product","link":"https:\/\/lescollectionsprivees.com\/de\/parfum\/parfum-dinterieur-maali\/","title":{"rendered":"Maali Raumduft 250ml - Lattafa"},"content":{"rendered":"","protected":false},"excerpt":{"rendered":"<p><strong><u>Technische Daten :<\/u><\/strong><\/p>\n<p><strong>Name des Duftes<\/strong> : Maali<br \/>\n<strong>Marke<\/strong> : Lattafa<br \/>\n<strong>Besonderheit : <\/strong>Raumduft<br \/>\n<strong>Inhalt<\/strong> : 250 mL<\/p>\n<p><span style=\"text-decoration: underline;\"><strong>Duftnoten :<\/strong><\/span><\/p>\n<p><strong>Kopfnoten<\/strong> : Moschus, Sandelholz<br \/>\n<strong>Herznote<\/strong> : Oud<br \/>\n<strong>Hintergrundnote<\/strong> : Bernstein<\/p>","protected":false},"featured_media":33079,"template":"","meta":[],"product_brand":[],"product_cat":[328,329],"product_tag":[],"class_list":{"0":"post-33076","1":"product","2":"type-product","3":"status-publish","4":"has-post-thumbnail","6":"product_cat-spray-parfums-dinterieur-lattafa","7":"product_cat-spray-textile-dubai","9":"first","10":"outofstock","11":"taxable","12":"shipping-taxable","13":"purchasable","14":"product-type-simple"},"yoast_head":"<!-- This site is optimized with the Yoast SEO plugin v27.5 - https:\/\/yoast.com\/product\/yoast-seo-wordpress\/ -->\n<title>Parfum d\u2019int\u00e9rieur Maali 250ml \u2013 Lattafa - Les Collections Priv\u00e9es<\/title>\n<meta name=\"robots\" content=\"index, follow, max-snippet:-1, max-image-preview:large, max-video-preview:-1\" \/>\n<link rel=\"canonical\" href=\"https:\/\/lescollectionsprivees.com\/de\/duft\/parfum-dinterieur-maali\/\" \/>\n<meta property=\"og:locale\" content=\"de_DE\" \/>\n<meta property=\"og:type\" content=\"article\" \/>\n<meta property=\"og:title\" content=\"Parfum d\u2019int\u00e9rieur Maali 250ml \u2013 Lattafa - Les Collections Priv\u00e9es\" \/>\n<meta property=\"og:description\" content=\"Donn\u00e9es Techniques :  Nom du parfum : Maali Marque : Lattafa Sp\u00e9cificit\u00e9 : Parfum d&#039;int\u00e9rieur Contenance : 250 mL  Notes Olfactives :  Notes de t\u00eate : Musc, bois de santal Note de coeur : Oud Note de fond : Ambre\" \/>\n<meta property=\"og:url\" content=\"https:\/\/lescollectionsprivees.com\/de\/duft\/parfum-dinterieur-maali\/\" \/>\n<meta property=\"og:site_name\" content=\"Les Collections Priv\u00e9es\" \/>\n<meta property=\"article:modified_time\" content=\"2026-02-23T22:42:47+00:00\" \/>\n<meta property=\"og:image\" content=\"https:\/\/lescollectionsprivees.com\/wp-content\/uploads\/2025\/02\/PARFUM-DINTERIEUR-MAALI-250ML-LATTAFA.jpg\" \/>\n\t<meta property=\"og:image:width\" content=\"600\" \/>\n\t<meta property=\"og:image:height\" content=\"600\" \/>\n\t<meta property=\"og:image:type\" content=\"image\/jpeg\" \/>\n<meta name=\"twitter:card\" content=\"summary_large_image\" \/>\n<meta name=\"twitter:label1\" content=\"Gesch\u00e4tzte Lesezeit\" \/>\n\t<meta name=\"twitter:data1\" content=\"1\u00a0Minute\" \/>\n<script type=\"application\/ld+json\" class=\"yoast-schema-graph\">{\"@context\":\"https:\\\/\\\/schema.org\",\"@graph\":[{\"@type\":\"WebPage\",\"@id\":\"https:\\\/\\\/lescollectionsprivees.com\\\/parfum\\\/parfum-dinterieur-maali\\\/\",\"url\":\"https:\\\/\\\/lescollectionsprivees.com\\\/parfum\\\/parfum-dinterieur-maali\\\/\",\"name\":\"Parfum d\u2019int\u00e9rieur Maali 250ml \u2013 Lattafa - Les Collections Priv\u00e9es\",\"isPartOf\":{\"@id\":\"https:\\\/\\\/lescollectionsprivees.com\\\/#website\"},\"primaryImageOfPage\":{\"@id\":\"https:\\\/\\\/lescollectionsprivees.com\\\/parfum\\\/parfum-dinterieur-maali\\\/#primaryimage\"},\"image\":{\"@id\":\"https:\\\/\\\/lescollectionsprivees.com\\\/parfum\\\/parfum-dinterieur-maali\\\/#primaryimage\"},\"thumbnailUrl\":\"https:\\\/\\\/lescollectionsprivees.com\\\/wp-content\\\/uploads\\\/2025\\\/02\\\/PARFUM-DINTERIEUR-MAALI-250ML-LATTAFA.jpg\",\"datePublished\":\"2025-02-04T19:39:58+00:00\",\"dateModified\":\"2026-02-23T22:42:47+00:00\",\"breadcrumb\":{\"@id\":\"https:\\\/\\\/lescollectionsprivees.com\\\/parfum\\\/parfum-dinterieur-maali\\\/#breadcrumb\"},\"inLanguage\":\"de\",\"potentialAction\":[{\"@type\":\"ReadAction\",\"target\":[\"https:\\\/\\\/lescollectionsprivees.com\\\/parfum\\\/parfum-dinterieur-maali\\\/\"]}]},{\"@type\":\"ImageObject\",\"inLanguage\":\"de\",\"@id\":\"https:\\\/\\\/lescollectionsprivees.com\\\/parfum\\\/parfum-dinterieur-maali\\\/#primaryimage\",\"url\":\"https:\\\/\\\/lescollectionsprivees.com\\\/wp-content\\\/uploads\\\/2025\\\/02\\\/PARFUM-DINTERIEUR-MAALI-250ML-LATTAFA.jpg\",\"contentUrl\":\"https:\\\/\\\/lescollectionsprivees.com\\\/wp-content\\\/uploads\\\/2025\\\/02\\\/PARFUM-DINTERIEUR-MAALI-250ML-LATTAFA.jpg\",\"width\":600,\"height\":600,\"caption\":\"Parfum d\u2019int\u00e9rieur Maali 250ml \u2013 Lattafa\"},{\"@type\":\"BreadcrumbList\",\"@id\":\"https:\\\/\\\/lescollectionsprivees.com\\\/parfum\\\/parfum-dinterieur-maali\\\/#breadcrumb\",\"itemListElement\":[{\"@type\":\"ListItem\",\"position\":1,\"name\":\"Accueil\",\"item\":\"https:\\\/\\\/lescollectionsprivees.com\\\/\"},{\"@type\":\"ListItem\",\"position\":2,\"name\":\"Boutique\",\"item\":\"https:\\\/\\\/lescollectionsprivees.com\\\/boutique\\\/\"},{\"@type\":\"ListItem\",\"position\":3,\"name\":\"Parfum d\u2019int\u00e9rieur Maali 250ml \u2013 Lattafa\"}]},{\"@type\":\"WebSite\",\"@id\":\"https:\\\/\\\/lescollectionsprivees.com\\\/#website\",\"url\":\"https:\\\/\\\/lescollectionsprivees.com\\\/\",\"name\":\"Les Collections Priv\u00e9es\",\"description\":\"\",\"publisher\":{\"@id\":\"https:\\\/\\\/lescollectionsprivees.com\\\/#organization\"},\"potentialAction\":[{\"@type\":\"SearchAction\",\"target\":{\"@type\":\"EntryPoint\",\"urlTemplate\":\"https:\\\/\\\/lescollectionsprivees.com\\\/?s={search_term_string}\"},\"query-input\":{\"@type\":\"PropertyValueSpecification\",\"valueRequired\":true,\"valueName\":\"search_term_string\"}}],\"inLanguage\":\"de\"},{\"@type\":\"Organization\",\"@id\":\"https:\\\/\\\/lescollectionsprivees.com\\\/#organization\",\"name\":\"Les Collections Priv\u00e9es\",\"url\":\"https:\\\/\\\/lescollectionsprivees.com\\\/\",\"logo\":{\"@type\":\"ImageObject\",\"inLanguage\":\"de\",\"@id\":\"https:\\\/\\\/lescollectionsprivees.com\\\/#\\\/schema\\\/logo\\\/image\\\/\",\"url\":\"https:\\\/\\\/lescollectionsprivees.com\\\/wp-content\\\/uploads\\\/2020\\\/02\\\/Logo-Les-Collections-Priv\u00e9es-450x450-1.png\",\"contentUrl\":\"https:\\\/\\\/lescollectionsprivees.com\\\/wp-content\\\/uploads\\\/2020\\\/02\\\/Logo-Les-Collections-Priv\u00e9es-450x450-1.png\",\"width\":450,\"height\":450,\"caption\":\"Les Collections Priv\u00e9es\"},\"image\":{\"@id\":\"https:\\\/\\\/lescollectionsprivees.com\\\/#\\\/schema\\\/logo\\\/image\\\/\"}}]}<\/script>\n<!-- \/ Yoast SEO plugin. -->","yoast_head_json":{"title":"Maali Raumduft 250ml - Lattafa - Les Collections Priv\u00e9es","robots":{"index":"index","follow":"follow","max-snippet":"max-snippet:-1","max-image-preview":"max-image-preview:large","max-video-preview":"max-video-preview:-1"},"canonical":"https:\/\/lescollectionsprivees.com\/de\/duft\/parfum-dinterieur-maali\/","og_locale":"de_DE","og_type":"article","og_title":"Parfum d\u2019int\u00e9rieur Maali 250ml \u2013 Lattafa - Les Collections Priv\u00e9es","og_description":"Donn\u00e9es Techniques :  Nom du parfum : Maali Marque : Lattafa Sp\u00e9cificit\u00e9 : Parfum d'int\u00e9rieur Contenance : 250 mL  Notes Olfactives :  Notes de t\u00eate : Musc, bois de santal Note de coeur : Oud Note de fond : Ambre","og_url":"https:\/\/lescollectionsprivees.com\/de\/duft\/parfum-dinterieur-maali\/","og_site_name":"Les Collections Priv\u00e9es","article_modified_time":"2026-02-23T22:42:47+00:00","og_image":[{"width":600,"height":600,"url":"https:\/\/lescollectionsprivees.com\/wp-content\/uploads\/2025\/02\/PARFUM-DINTERIEUR-MAALI-250ML-LATTAFA.jpg","type":"image\/jpeg"}],"twitter_card":"summary_large_image","twitter_misc":{"Gesch\u00e4tzte Lesezeit":"1\u00a0Minute"},"schema":{"@context":"https:\/\/schema.org","@graph":[{"@type":"WebPage","@id":"https:\/\/lescollectionsprivees.com\/parfum\/parfum-dinterieur-maali\/","url":"https:\/\/lescollectionsprivees.com\/parfum\/parfum-dinterieur-maali\/","name":"Maali Raumduft 250ml - Lattafa - Les Collections Priv\u00e9es","isPartOf":{"@id":"https:\/\/lescollectionsprivees.com\/#website"},"primaryImageOfPage":{"@id":"https:\/\/lescollectionsprivees.com\/parfum\/parfum-dinterieur-maali\/#primaryimage"},"image":{"@id":"https:\/\/lescollectionsprivees.com\/parfum\/parfum-dinterieur-maali\/#primaryimage"},"thumbnailUrl":"https:\/\/lescollectionsprivees.com\/wp-content\/uploads\/2025\/02\/PARFUM-DINTERIEUR-MAALI-250ML-LATTAFA.jpg","datePublished":"2025-02-04T19:39:58+00:00","dateModified":"2026-02-23T22:42:47+00:00","breadcrumb":{"@id":"https:\/\/lescollectionsprivees.com\/parfum\/parfum-dinterieur-maali\/#breadcrumb"},"inLanguage":"de","potentialAction":[{"@type":"ReadAction","target":["https:\/\/lescollectionsprivees.com\/parfum\/parfum-dinterieur-maali\/"]}]},{"@type":"ImageObject","inLanguage":"de","@id":"https:\/\/lescollectionsprivees.com\/parfum\/parfum-dinterieur-maali\/#primaryimage","url":"https:\/\/lescollectionsprivees.com\/wp-content\/uploads\/2025\/02\/PARFUM-DINTERIEUR-MAALI-250ML-LATTAFA.jpg","contentUrl":"https:\/\/lescollectionsprivees.com\/wp-content\/uploads\/2025\/02\/PARFUM-DINTERIEUR-MAALI-250ML-LATTAFA.jpg","width":600,"height":600,"caption":"Parfum d\u2019int\u00e9rieur Maali 250ml \u2013 Lattafa"},{"@type":"BreadcrumbList","@id":"https:\/\/lescollectionsprivees.com\/parfum\/parfum-dinterieur-maali\/#breadcrumb","itemListElement":[{"@type":"ListItem","position":1,"name":"Accueil","item":"https:\/\/lescollectionsprivees.com\/"},{"@type":"ListItem","position":2,"name":"Boutique","item":"https:\/\/lescollectionsprivees.com\/boutique\/"},{"@type":"ListItem","position":3,"name":"Parfum d\u2019int\u00e9rieur Maali 250ml \u2013 Lattafa"}]},{"@type":"WebSite","@id":"https:\/\/lescollectionsprivees.com\/#website","url":"https:\/\/lescollectionsprivees.com\/","name":"Private Sammlungen","description":"","publisher":{"@id":"https:\/\/lescollectionsprivees.com\/#organization"},"potentialAction":[{"@type":"SearchAction","target":{"@type":"EntryPoint","urlTemplate":"https:\/\/lescollectionsprivees.com\/?s={search_term_string}"},"query-input":{"@type":"PropertyValueSpecification","valueRequired":true,"valueName":"search_term_string"}}],"inLanguage":"de"},{"@type":"Organization","@id":"https:\/\/lescollectionsprivees.com\/#organization","name":"Private Sammlungen","url":"https:\/\/lescollectionsprivees.com\/","logo":{"@type":"ImageObject","inLanguage":"de","@id":"https:\/\/lescollectionsprivees.com\/#\/schema\/logo\/image\/","url":"https:\/\/lescollectionsprivees.com\/wp-content\/uploads\/2020\/02\/Logo-Les-Collections-Priv\u00e9es-450x450-1.png","contentUrl":"https:\/\/lescollectionsprivees.com\/wp-content\/uploads\/2020\/02\/Logo-Les-Collections-Priv\u00e9es-450x450-1.png","width":450,"height":450,"caption":"Les Collections Priv\u00e9es"},"image":{"@id":"https:\/\/lescollectionsprivees.com\/#\/schema\/logo\/image\/"}}]}},"_links":{"self":[{"href":"https:\/\/lescollectionsprivees.com\/de\/wp-json\/wp\/v2\/product\/33076","targetHints":{"allow":["GET"]}}],"collection":[{"href":"https:\/\/lescollectionsprivees.com\/de\/wp-json\/wp\/v2\/product"}],"about":[{"href":"https:\/\/lescollectionsprivees.com\/de\/wp-json\/wp\/v2\/types\/product"}],"wp:featuredmedia":[{"embeddable":true,"href":"https:\/\/lescollectionsprivees.com\/de\/wp-json\/wp\/v2\/media\/33079"}],"wp:attachment":[{"href":"https:\/\/lescollectionsprivees.com\/de\/wp-json\/wp\/v2\/media?parent=33076"}],"wp:term":[{"taxonomy":"product_brand","embeddable":true,"href":"https:\/\/lescollectionsprivees.com\/de\/wp-json\/wp\/v2\/product_brand?post=33076"},{"taxonomy":"product_cat","embeddable":true,"href":"https:\/\/lescollectionsprivees.com\/de\/wp-json\/wp\/v2\/product_cat?post=33076"},{"taxonomy":"product_tag","embeddable":true,"href":"https:\/\/lescollectionsprivees.com\/de\/wp-json\/wp\/v2\/product_tag?post=33076"}],"curies":[{"name":"wp","href":"https:\/\/api.w.org\/{rel}","templated":true}]}}

<!-- This site is optimized with the Yoast SEO plugin v27.5 - https://yoast.com/product/yoast-seo-wordpress/ -->
<title>Parfum d’intérieur Maali 250ml – Lattafa - Les Collections Privées</title>
<meta name="robots" content="index, follow, max-snippet:-1, max-image-preview:large, max-video-preview:-1" />
<link rel="canonical" href="https://lescollectionsprivees.com/de/duft/parfum-dinterieur-maali/" />
<meta property="og:locale" content="de_DE" />
<meta property="og:type" content="article" />
<meta property="og:title" content="Parfum d’intérieur Maali 250ml – Lattafa - Les Collections Privées" />
<meta property="og:description" content="Données Techniques :  Nom du parfum : Maali Marque : Lattafa Spécificité : Parfum d&#039;intérieur Contenance : 250 mL  Notes Olfactives :  Notes de tête : Musc, bois de santal Note de coeur : Oud Note de fond : Ambre" />
<meta property="og:url" content="https://lescollectionsprivees.com/de/duft/parfum-dinterieur-maali/" />
<meta property="og:site_name" content="Les Collections Privées" />
<meta property="article:modified_time" content="2026-02-23T22:42:47+00:00" />
<meta property="og:image" content="https://lescollectionsprivees.com/wp-content/uploads/2025/02/PARFUM-DINTERIEUR-MAALI-250ML-LATTAFA.jpg" />
	<meta property="og:image:width" content="600" />
	<meta property="og:image:height" content="600" />
	<meta property="og:image:type" content="image/jpeg" />
<meta name="twitter:card" content="summary_large_image" />
<meta name="twitter:label1" content="Geschätzte Lesezeit" />
	<meta name="twitter:data1" content="1 Minute" />
<script type="application/ld+json" class="yoast-schema-graph">{"@context":"https:\/\/schema.org","@graph":[{"@type":"WebPage","@id":"https:\/\/lescollectionsprivees.com\/parfum\/parfum-dinterieur-maali\/","url":"https:\/\/lescollectionsprivees.com\/parfum\/parfum-dinterieur-maali\/","name":"Parfum d’intérieur Maali 250ml – Lattafa - Les Collections Privées","isPartOf":{"@id":"https:\/\/lescollectionsprivees.com\/#website"},"primaryImageOfPage":{"@id":"https:\/\/lescollectionsprivees.com\/parfum\/parfum-dinterieur-maali\/#primaryimage"},"image":{"@id":"https:\/\/lescollectionsprivees.com\/parfum\/parfum-dinterieur-maali\/#primaryimage"},"thumbnailUrl":"https:\/\/lescollectionsprivees.com\/wp-content\/uploads\/2025\/02\/PARFUM-DINTERIEUR-MAALI-250ML-LATTAFA.jpg","datePublished":"2025-02-04T19:39:58+00:00","dateModified":"2026-02-23T22:42:47+00:00","breadcrumb":{"@id":"https:\/\/lescollectionsprivees.com\/parfum\/parfum-dinterieur-maali\/#breadcrumb"},"inLanguage":"de","potentialAction":[{"@type":"ReadAction","target":["https:\/\/lescollectionsprivees.com\/parfum\/parfum-dinterieur-maali\/"]}]},{"@type":"ImageObject","inLanguage":"de","@id":"https:\/\/lescollectionsprivees.com\/parfum\/parfum-dinterieur-maali\/#primaryimage","url":"https:\/\/lescollectionsprivees.com\/wp-content\/uploads\/2025\/02\/PARFUM-DINTERIEUR-MAALI-250ML-LATTAFA.jpg","contentUrl":"https:\/\/lescollectionsprivees.com\/wp-content\/uploads\/2025\/02\/PARFUM-DINTERIEUR-MAALI-250ML-LATTAFA.jpg","width":600,"height":600,"caption":"Parfum d’intérieur Maali 250ml – Lattafa"},{"@type":"BreadcrumbList","@id":"https:\/\/lescollectionsprivees.com\/parfum\/parfum-dinterieur-maali\/#breadcrumb","itemListElement":[{"@type":"ListItem","position":1,"name":"Accueil","item":"https:\/\/lescollectionsprivees.com\/"},{"@type":"ListItem","position":2,"name":"Boutique","item":"https:\/\/lescollectionsprivees.com\/boutique\/"},{"@type":"ListItem","position":3,"name":"Parfum d’intérieur Maali 250ml – Lattafa"}]},{"@type":"WebSite","@id":"https:\/\/lescollectionsprivees.com\/#website","url":"https:\/\/lescollectionsprivees.com\/","name":"Les Collections Privées","description":"","publisher":{"@id":"https:\/\/lescollectionsprivees.com\/#organization"},"potentialAction":[{"@type":"SearchAction","target":{"@type":"EntryPoint","urlTemplate":"https:\/\/lescollectionsprivees.com\/?s={search_term_string}"},"query-input":{"@type":"PropertyValueSpecification","valueRequired":true,"valueName":"search_term_string"}}],"inLanguage":"de"},{"@type":"Organization","@id":"https:\/\/lescollectionsprivees.com\/#organization","name":"Les Collections Privées","url":"https:\/\/lescollectionsprivees.com\/","logo":{"@type":"ImageObject","inLanguage":"de","@id":"https:\/\/lescollectionsprivees.com\/#\/schema\/logo\/image\/","url":"https:\/\/lescollectionsprivees.com\/wp-content\/uploads\/2020\/02\/Logo-Les-Collections-Privées-450x450-1.png","contentUrl":"https:\/\/lescollectionsprivees.com\/wp-content\/uploads\/2020\/02\/Logo-Les-Collections-Privées-450x450-1.png","width":450,"height":450,"caption":"Les Collections Privées"},"image":{"@id":"https:\/\/lescollectionsprivees.com\/#\/schema\/logo\/image\/"}}]}</script>
<!-- / Yoast SEO plugin. -->

Maali Raumduft 250ml - Lattafa - Les Collections Privées

Parfum d’intérieur Maali 250ml – Lattafa - Les Collections Privées

Données Techniques :  Nom du parfum : Maali Marque : Lattafa Spécificité : Parfum d'intérieur Contenance : 250 mL  Notes Olfactives :  Notes de tête : Musc, bois de santal Note de coeur : Oud Note de fond : Ambre

Les Collections Privées

Parfum d’intérieur Maali 250ml – Lattafa

https://lescollectionsprivees.com/wp-content/uploads/2020/02/Logo-Les-Collections-Privées-450x450-1.png
