{"id":33116,"date":"2025-02-06T21:20:42","date_gmt":"2025-02-06T21:20:42","guid":{"rendered":"https:\/\/lescollectionsprivees.com\/?post_type=product&#038;p=33116"},"modified":"2026-04-24T16:08:47","modified_gmt":"2026-04-24T16:08:47","slug":"air-freshener-ana-abiyedh-gepudert","status":"publish","type":"product","link":"https:\/\/lescollectionsprivees.com\/de\/parfum\/air-freshener-ana-abiyedh-poudree\/","title":{"rendered":"Air freshener Ana Abiyedh gepudert 300ml - Lattafa"},"content":{"rendered":"","protected":false},"excerpt":{"rendered":"<p><strong><u>Technische Daten :<\/u><\/strong><\/p>\n<p><strong>Name des Duftes<\/strong> : Ana Abiyedh gepudert<br \/>\n<strong>Marke<\/strong> : Lattafa<br \/>\n<strong>Besonderheit : <\/strong>Raumduft<br \/>\n<strong>Inhalt<\/strong> : 300 mL<\/p>\n<p><span style=\"text-decoration: underline;\"><strong>Duftnoten :<\/strong><\/span><\/p>\n<p><strong>Kopfnoten<\/strong>\u00a0: Tonkabohne und Gaiac<br \/>\n<strong>Herznoten<\/strong>\u00a0: Safran und Cardamom<br \/>\n<strong>Hintergrundnoten<\/strong>\u00a0Wei\u00dfer Moschus und \u00e4therisches Cyprio-\u00d6l, Vanille<\/p>","protected":false},"featured_media":33117,"template":"","meta":[],"product_brand":[],"product_cat":[328],"product_tag":[],"class_list":{"0":"post-33116","1":"product","2":"type-product","3":"status-publish","4":"has-post-thumbnail","6":"product_cat-spray-parfums-dinterieur-lattafa","8":"first","9":"instock","10":"taxable","11":"shipping-taxable","12":"purchasable","13":"product-type-simple"},"yoast_head":"<!-- This site is optimized with the Yoast SEO plugin v27.5 - https:\/\/yoast.com\/product\/yoast-seo-wordpress\/ -->\n<title>Air freshener Ana Abiyedh poudr\u00e9e 300ml \u2013 Lattafa - Les Collections Priv\u00e9es<\/title>\n<meta name=\"robots\" content=\"index, follow, max-snippet:-1, max-image-preview:large, max-video-preview:-1\" \/>\n<link rel=\"canonical\" href=\"https:\/\/lescollectionsprivees.com\/de\/duft\/air-freshener-ana-abiyedh-gepudert\/\" \/>\n<meta property=\"og:locale\" content=\"de_DE\" \/>\n<meta property=\"og:type\" content=\"article\" \/>\n<meta property=\"og:title\" content=\"Air freshener Ana Abiyedh poudr\u00e9e 300ml \u2013 Lattafa - Les Collections Priv\u00e9es\" \/>\n<meta property=\"og:description\" content=\"Donn\u00e9es Techniques :  Nom du parfum : Ana Abiyedh poudr\u00e9e Marque : Lattafa Sp\u00e9cificit\u00e9 : Parfum d&#039;int\u00e9rieur Contenance : 300 mL  Notes Olfactives :  Notes de t\u00eate\u00a0: F\u00e8ve de Tonka et Ga\u00efac Notes de c\u0153ur\u00a0: Safran et Cardamom Notes de fond\u00a0: Musc Blanc et Huile Essentielle de Cyprio, Vanille\" \/>\n<meta property=\"og:url\" content=\"https:\/\/lescollectionsprivees.com\/de\/duft\/air-freshener-ana-abiyedh-gepudert\/\" \/>\n<meta property=\"og:site_name\" content=\"Les Collections Priv\u00e9es\" \/>\n<meta property=\"article:modified_time\" content=\"2026-04-24T16:08:47+00:00\" \/>\n<meta property=\"og:image\" content=\"https:\/\/lescollectionsprivees.com\/wp-content\/uploads\/2025\/02\/AIR-FRESHENER-ANA-ABIYEDH-POUDREE-300ML-ASDAAF.jpg\" \/>\n\t<meta property=\"og:image:width\" content=\"600\" \/>\n\t<meta property=\"og:image:height\" content=\"600\" \/>\n\t<meta property=\"og:image:type\" content=\"image\/jpeg\" \/>\n<meta name=\"twitter:card\" content=\"summary_large_image\" \/>\n<meta name=\"twitter:label1\" content=\"Gesch\u00e4tzte Lesezeit\" \/>\n\t<meta name=\"twitter:data1\" content=\"1\u00a0Minute\" \/>\n<script type=\"application\/ld+json\" class=\"yoast-schema-graph\">{\"@context\":\"https:\\\/\\\/schema.org\",\"@graph\":[{\"@type\":\"WebPage\",\"@id\":\"https:\\\/\\\/lescollectionsprivees.com\\\/parfum\\\/air-freshener-ana-abiyedh-poudree\\\/\",\"url\":\"https:\\\/\\\/lescollectionsprivees.com\\\/parfum\\\/air-freshener-ana-abiyedh-poudree\\\/\",\"name\":\"Air freshener Ana Abiyedh poudr\u00e9e 300ml \u2013 Lattafa - Les Collections Priv\u00e9es\",\"isPartOf\":{\"@id\":\"https:\\\/\\\/lescollectionsprivees.com\\\/#website\"},\"primaryImageOfPage\":{\"@id\":\"https:\\\/\\\/lescollectionsprivees.com\\\/parfum\\\/air-freshener-ana-abiyedh-poudree\\\/#primaryimage\"},\"image\":{\"@id\":\"https:\\\/\\\/lescollectionsprivees.com\\\/parfum\\\/air-freshener-ana-abiyedh-poudree\\\/#primaryimage\"},\"thumbnailUrl\":\"https:\\\/\\\/lescollectionsprivees.com\\\/wp-content\\\/uploads\\\/2025\\\/02\\\/AIR-FRESHENER-ANA-ABIYEDH-POUDREE-300ML-ASDAAF.jpg\",\"datePublished\":\"2025-02-06T21:20:42+00:00\",\"dateModified\":\"2026-04-24T16:08:47+00:00\",\"breadcrumb\":{\"@id\":\"https:\\\/\\\/lescollectionsprivees.com\\\/parfum\\\/air-freshener-ana-abiyedh-poudree\\\/#breadcrumb\"},\"inLanguage\":\"de\",\"potentialAction\":[{\"@type\":\"ReadAction\",\"target\":[\"https:\\\/\\\/lescollectionsprivees.com\\\/parfum\\\/air-freshener-ana-abiyedh-poudree\\\/\"]}]},{\"@type\":\"ImageObject\",\"inLanguage\":\"de\",\"@id\":\"https:\\\/\\\/lescollectionsprivees.com\\\/parfum\\\/air-freshener-ana-abiyedh-poudree\\\/#primaryimage\",\"url\":\"https:\\\/\\\/lescollectionsprivees.com\\\/wp-content\\\/uploads\\\/2025\\\/02\\\/AIR-FRESHENER-ANA-ABIYEDH-POUDREE-300ML-ASDAAF.jpg\",\"contentUrl\":\"https:\\\/\\\/lescollectionsprivees.com\\\/wp-content\\\/uploads\\\/2025\\\/02\\\/AIR-FRESHENER-ANA-ABIYEDH-POUDREE-300ML-ASDAAF.jpg\",\"width\":600,\"height\":600,\"caption\":\"Air freshener Ana Abiyedh poudr\u00e9e 300ml \u2013 Lattafa\"},{\"@type\":\"BreadcrumbList\",\"@id\":\"https:\\\/\\\/lescollectionsprivees.com\\\/parfum\\\/air-freshener-ana-abiyedh-poudree\\\/#breadcrumb\",\"itemListElement\":[{\"@type\":\"ListItem\",\"position\":1,\"name\":\"Accueil\",\"item\":\"https:\\\/\\\/lescollectionsprivees.com\\\/\"},{\"@type\":\"ListItem\",\"position\":2,\"name\":\"Boutique\",\"item\":\"https:\\\/\\\/lescollectionsprivees.com\\\/boutique\\\/\"},{\"@type\":\"ListItem\",\"position\":3,\"name\":\"Air freshener Ana Abiyedh poudr\u00e9e 300ml \u2013 Lattafa\"}]},{\"@type\":\"WebSite\",\"@id\":\"https:\\\/\\\/lescollectionsprivees.com\\\/#website\",\"url\":\"https:\\\/\\\/lescollectionsprivees.com\\\/\",\"name\":\"Les Collections Priv\u00e9es\",\"description\":\"\",\"publisher\":{\"@id\":\"https:\\\/\\\/lescollectionsprivees.com\\\/#organization\"},\"potentialAction\":[{\"@type\":\"SearchAction\",\"target\":{\"@type\":\"EntryPoint\",\"urlTemplate\":\"https:\\\/\\\/lescollectionsprivees.com\\\/?s={search_term_string}\"},\"query-input\":{\"@type\":\"PropertyValueSpecification\",\"valueRequired\":true,\"valueName\":\"search_term_string\"}}],\"inLanguage\":\"de\"},{\"@type\":\"Organization\",\"@id\":\"https:\\\/\\\/lescollectionsprivees.com\\\/#organization\",\"name\":\"Les Collections Priv\u00e9es\",\"url\":\"https:\\\/\\\/lescollectionsprivees.com\\\/\",\"logo\":{\"@type\":\"ImageObject\",\"inLanguage\":\"de\",\"@id\":\"https:\\\/\\\/lescollectionsprivees.com\\\/#\\\/schema\\\/logo\\\/image\\\/\",\"url\":\"https:\\\/\\\/lescollectionsprivees.com\\\/wp-content\\\/uploads\\\/2020\\\/02\\\/Logo-Les-Collections-Priv\u00e9es-450x450-1.png\",\"contentUrl\":\"https:\\\/\\\/lescollectionsprivees.com\\\/wp-content\\\/uploads\\\/2020\\\/02\\\/Logo-Les-Collections-Priv\u00e9es-450x450-1.png\",\"width\":450,\"height\":450,\"caption\":\"Les Collections Priv\u00e9es\"},\"image\":{\"@id\":\"https:\\\/\\\/lescollectionsprivees.com\\\/#\\\/schema\\\/logo\\\/image\\\/\"}}]}<\/script>\n<!-- \/ Yoast SEO plugin. -->","yoast_head_json":{"title":"Air freshener Ana Abiyedh pudrig 300ml - Lattafa - Les Collections Priv\u00e9es","robots":{"index":"index","follow":"follow","max-snippet":"max-snippet:-1","max-image-preview":"max-image-preview:large","max-video-preview":"max-video-preview:-1"},"canonical":"https:\/\/lescollectionsprivees.com\/de\/duft\/air-freshener-ana-abiyedh-gepudert\/","og_locale":"de_DE","og_type":"article","og_title":"Air freshener Ana Abiyedh poudr\u00e9e 300ml \u2013 Lattafa - Les Collections Priv\u00e9es","og_description":"Donn\u00e9es Techniques :  Nom du parfum : Ana Abiyedh poudr\u00e9e Marque : Lattafa Sp\u00e9cificit\u00e9 : Parfum d'int\u00e9rieur Contenance : 300 mL  Notes Olfactives :  Notes de t\u00eate\u00a0: F\u00e8ve de Tonka et Ga\u00efac Notes de c\u0153ur\u00a0: Safran et Cardamom Notes de fond\u00a0: Musc Blanc et Huile Essentielle de Cyprio, Vanille","og_url":"https:\/\/lescollectionsprivees.com\/de\/duft\/air-freshener-ana-abiyedh-gepudert\/","og_site_name":"Les Collections Priv\u00e9es","article_modified_time":"2026-04-24T16:08:47+00:00","og_image":[{"width":600,"height":600,"url":"https:\/\/lescollectionsprivees.com\/wp-content\/uploads\/2025\/02\/AIR-FRESHENER-ANA-ABIYEDH-POUDREE-300ML-ASDAAF.jpg","type":"image\/jpeg"}],"twitter_card":"summary_large_image","twitter_misc":{"Gesch\u00e4tzte Lesezeit":"1\u00a0Minute"},"schema":{"@context":"https:\/\/schema.org","@graph":[{"@type":"WebPage","@id":"https:\/\/lescollectionsprivees.com\/parfum\/air-freshener-ana-abiyedh-poudree\/","url":"https:\/\/lescollectionsprivees.com\/parfum\/air-freshener-ana-abiyedh-poudree\/","name":"Air freshener Ana Abiyedh pudrig 300ml - Lattafa - Les Collections Priv\u00e9es","isPartOf":{"@id":"https:\/\/lescollectionsprivees.com\/#website"},"primaryImageOfPage":{"@id":"https:\/\/lescollectionsprivees.com\/parfum\/air-freshener-ana-abiyedh-poudree\/#primaryimage"},"image":{"@id":"https:\/\/lescollectionsprivees.com\/parfum\/air-freshener-ana-abiyedh-poudree\/#primaryimage"},"thumbnailUrl":"https:\/\/lescollectionsprivees.com\/wp-content\/uploads\/2025\/02\/AIR-FRESHENER-ANA-ABIYEDH-POUDREE-300ML-ASDAAF.jpg","datePublished":"2025-02-06T21:20:42+00:00","dateModified":"2026-04-24T16:08:47+00:00","breadcrumb":{"@id":"https:\/\/lescollectionsprivees.com\/parfum\/air-freshener-ana-abiyedh-poudree\/#breadcrumb"},"inLanguage":"de","potentialAction":[{"@type":"ReadAction","target":["https:\/\/lescollectionsprivees.com\/parfum\/air-freshener-ana-abiyedh-poudree\/"]}]},{"@type":"ImageObject","inLanguage":"de","@id":"https:\/\/lescollectionsprivees.com\/parfum\/air-freshener-ana-abiyedh-poudree\/#primaryimage","url":"https:\/\/lescollectionsprivees.com\/wp-content\/uploads\/2025\/02\/AIR-FRESHENER-ANA-ABIYEDH-POUDREE-300ML-ASDAAF.jpg","contentUrl":"https:\/\/lescollectionsprivees.com\/wp-content\/uploads\/2025\/02\/AIR-FRESHENER-ANA-ABIYEDH-POUDREE-300ML-ASDAAF.jpg","width":600,"height":600,"caption":"Air freshener Ana Abiyedh poudr\u00e9e 300ml \u2013 Lattafa"},{"@type":"BreadcrumbList","@id":"https:\/\/lescollectionsprivees.com\/parfum\/air-freshener-ana-abiyedh-poudree\/#breadcrumb","itemListElement":[{"@type":"ListItem","position":1,"name":"Accueil","item":"https:\/\/lescollectionsprivees.com\/"},{"@type":"ListItem","position":2,"name":"Boutique","item":"https:\/\/lescollectionsprivees.com\/boutique\/"},{"@type":"ListItem","position":3,"name":"Air freshener Ana Abiyedh poudr\u00e9e 300ml \u2013 Lattafa"}]},{"@type":"WebSite","@id":"https:\/\/lescollectionsprivees.com\/#website","url":"https:\/\/lescollectionsprivees.com\/","name":"Private Sammlungen","description":"","publisher":{"@id":"https:\/\/lescollectionsprivees.com\/#organization"},"potentialAction":[{"@type":"SearchAction","target":{"@type":"EntryPoint","urlTemplate":"https:\/\/lescollectionsprivees.com\/?s={search_term_string}"},"query-input":{"@type":"PropertyValueSpecification","valueRequired":true,"valueName":"search_term_string"}}],"inLanguage":"de"},{"@type":"Organization","@id":"https:\/\/lescollectionsprivees.com\/#organization","name":"Private Sammlungen","url":"https:\/\/lescollectionsprivees.com\/","logo":{"@type":"ImageObject","inLanguage":"de","@id":"https:\/\/lescollectionsprivees.com\/#\/schema\/logo\/image\/","url":"https:\/\/lescollectionsprivees.com\/wp-content\/uploads\/2020\/02\/Logo-Les-Collections-Priv\u00e9es-450x450-1.png","contentUrl":"https:\/\/lescollectionsprivees.com\/wp-content\/uploads\/2020\/02\/Logo-Les-Collections-Priv\u00e9es-450x450-1.png","width":450,"height":450,"caption":"Les Collections Priv\u00e9es"},"image":{"@id":"https:\/\/lescollectionsprivees.com\/#\/schema\/logo\/image\/"}}]}},"_links":{"self":[{"href":"https:\/\/lescollectionsprivees.com\/de\/wp-json\/wp\/v2\/product\/33116","targetHints":{"allow":["GET"]}}],"collection":[{"href":"https:\/\/lescollectionsprivees.com\/de\/wp-json\/wp\/v2\/product"}],"about":[{"href":"https:\/\/lescollectionsprivees.com\/de\/wp-json\/wp\/v2\/types\/product"}],"wp:featuredmedia":[{"embeddable":true,"href":"https:\/\/lescollectionsprivees.com\/de\/wp-json\/wp\/v2\/media\/33117"}],"wp:attachment":[{"href":"https:\/\/lescollectionsprivees.com\/de\/wp-json\/wp\/v2\/media?parent=33116"}],"wp:term":[{"taxonomy":"product_brand","embeddable":true,"href":"https:\/\/lescollectionsprivees.com\/de\/wp-json\/wp\/v2\/product_brand?post=33116"},{"taxonomy":"product_cat","embeddable":true,"href":"https:\/\/lescollectionsprivees.com\/de\/wp-json\/wp\/v2\/product_cat?post=33116"},{"taxonomy":"product_tag","embeddable":true,"href":"https:\/\/lescollectionsprivees.com\/de\/wp-json\/wp\/v2\/product_tag?post=33116"}],"curies":[{"name":"wp","href":"https:\/\/api.w.org\/{rel}","templated":true}]}}

<p><strong><u>Technische Daten :</u></strong></p>
<p><strong>Name des Duftes</strong> : Ana Abiyedh gepudert<br />
<strong>Marke</strong> : Lattafa<br />
<strong>Besonderheit : </strong>Raumduft<br />
<strong>Inhalt</strong> : 300 mL</p>
<p><span style="text-decoration: underline;"><strong>Duftnoten :</strong></span></p>
<p><strong>Kopfnoten</strong> : Tonkabohne und Gaiac<br />
<strong>Herznoten</strong> : Safran und Cardamom<br />
<strong>Hintergrundnoten</strong> Weißer Moschus und ätherisches Cyprio-Öl, Vanille</p>

<!-- This site is optimized with the Yoast SEO plugin v27.5 - https://yoast.com/product/yoast-seo-wordpress/ -->
<title>Air freshener Ana Abiyedh poudrée 300ml – Lattafa - Les Collections Privées</title>
<meta name="robots" content="index, follow, max-snippet:-1, max-image-preview:large, max-video-preview:-1" />
<link rel="canonical" href="https://lescollectionsprivees.com/de/duft/air-freshener-ana-abiyedh-gepudert/" />
<meta property="og:locale" content="de_DE" />
<meta property="og:type" content="article" />
<meta property="og:title" content="Air freshener Ana Abiyedh poudrée 300ml – Lattafa - Les Collections Privées" />
<meta property="og:description" content="Données Techniques :  Nom du parfum : Ana Abiyedh poudrée Marque : Lattafa Spécificité : Parfum d&#039;intérieur Contenance : 300 mL  Notes Olfactives :  Notes de tête : Fève de Tonka et Gaïac Notes de cœur : Safran et Cardamom Notes de fond : Musc Blanc et Huile Essentielle de Cyprio, Vanille" />
<meta property="og:url" content="https://lescollectionsprivees.com/de/duft/air-freshener-ana-abiyedh-gepudert/" />
<meta property="og:site_name" content="Les Collections Privées" />
<meta property="article:modified_time" content="2026-04-24T16:08:47+00:00" />
<meta property="og:image" content="https://lescollectionsprivees.com/wp-content/uploads/2025/02/AIR-FRESHENER-ANA-ABIYEDH-POUDREE-300ML-ASDAAF.jpg" />
	<meta property="og:image:width" content="600" />
	<meta property="og:image:height" content="600" />
	<meta property="og:image:type" content="image/jpeg" />
<meta name="twitter:card" content="summary_large_image" />
<meta name="twitter:label1" content="Geschätzte Lesezeit" />
	<meta name="twitter:data1" content="1 Minute" />
<script type="application/ld+json" class="yoast-schema-graph">{"@context":"https:\/\/schema.org","@graph":[{"@type":"WebPage","@id":"https:\/\/lescollectionsprivees.com\/parfum\/air-freshener-ana-abiyedh-poudree\/","url":"https:\/\/lescollectionsprivees.com\/parfum\/air-freshener-ana-abiyedh-poudree\/","name":"Air freshener Ana Abiyedh poudrée 300ml – Lattafa - Les Collections Privées","isPartOf":{"@id":"https:\/\/lescollectionsprivees.com\/#website"},"primaryImageOfPage":{"@id":"https:\/\/lescollectionsprivees.com\/parfum\/air-freshener-ana-abiyedh-poudree\/#primaryimage"},"image":{"@id":"https:\/\/lescollectionsprivees.com\/parfum\/air-freshener-ana-abiyedh-poudree\/#primaryimage"},"thumbnailUrl":"https:\/\/lescollectionsprivees.com\/wp-content\/uploads\/2025\/02\/AIR-FRESHENER-ANA-ABIYEDH-POUDREE-300ML-ASDAAF.jpg","datePublished":"2025-02-06T21:20:42+00:00","dateModified":"2026-04-24T16:08:47+00:00","breadcrumb":{"@id":"https:\/\/lescollectionsprivees.com\/parfum\/air-freshener-ana-abiyedh-poudree\/#breadcrumb"},"inLanguage":"de","potentialAction":[{"@type":"ReadAction","target":["https:\/\/lescollectionsprivees.com\/parfum\/air-freshener-ana-abiyedh-poudree\/"]}]},{"@type":"ImageObject","inLanguage":"de","@id":"https:\/\/lescollectionsprivees.com\/parfum\/air-freshener-ana-abiyedh-poudree\/#primaryimage","url":"https:\/\/lescollectionsprivees.com\/wp-content\/uploads\/2025\/02\/AIR-FRESHENER-ANA-ABIYEDH-POUDREE-300ML-ASDAAF.jpg","contentUrl":"https:\/\/lescollectionsprivees.com\/wp-content\/uploads\/2025\/02\/AIR-FRESHENER-ANA-ABIYEDH-POUDREE-300ML-ASDAAF.jpg","width":600,"height":600,"caption":"Air freshener Ana Abiyedh poudrée 300ml – Lattafa"},{"@type":"BreadcrumbList","@id":"https:\/\/lescollectionsprivees.com\/parfum\/air-freshener-ana-abiyedh-poudree\/#breadcrumb","itemListElement":[{"@type":"ListItem","position":1,"name":"Accueil","item":"https:\/\/lescollectionsprivees.com\/"},{"@type":"ListItem","position":2,"name":"Boutique","item":"https:\/\/lescollectionsprivees.com\/boutique\/"},{"@type":"ListItem","position":3,"name":"Air freshener Ana Abiyedh poudrée 300ml – Lattafa"}]},{"@type":"WebSite","@id":"https:\/\/lescollectionsprivees.com\/#website","url":"https:\/\/lescollectionsprivees.com\/","name":"Les Collections Privées","description":"","publisher":{"@id":"https:\/\/lescollectionsprivees.com\/#organization"},"potentialAction":[{"@type":"SearchAction","target":{"@type":"EntryPoint","urlTemplate":"https:\/\/lescollectionsprivees.com\/?s={search_term_string}"},"query-input":{"@type":"PropertyValueSpecification","valueRequired":true,"valueName":"search_term_string"}}],"inLanguage":"de"},{"@type":"Organization","@id":"https:\/\/lescollectionsprivees.com\/#organization","name":"Les Collections Privées","url":"https:\/\/lescollectionsprivees.com\/","logo":{"@type":"ImageObject","inLanguage":"de","@id":"https:\/\/lescollectionsprivees.com\/#\/schema\/logo\/image\/","url":"https:\/\/lescollectionsprivees.com\/wp-content\/uploads\/2020\/02\/Logo-Les-Collections-Privées-450x450-1.png","contentUrl":"https:\/\/lescollectionsprivees.com\/wp-content\/uploads\/2020\/02\/Logo-Les-Collections-Privées-450x450-1.png","width":450,"height":450,"caption":"Les Collections Privées"},"image":{"@id":"https:\/\/lescollectionsprivees.com\/#\/schema\/logo\/image\/"}}]}</script>
<!-- / Yoast SEO plugin. -->

Air freshener Ana Abiyedh pudrig 300ml - Lattafa - Les Collections Privées

Air freshener Ana Abiyedh poudrée 300ml – Lattafa - Les Collections Privées

Données Techniques :  Nom du parfum : Ana Abiyedh poudrée Marque : Lattafa Spécificité : Parfum d'intérieur Contenance : 300 mL  Notes Olfactives :  Notes de tête : Fève de Tonka et Gaïac Notes de cœur : Safran et Cardamom Notes de fond : Musc Blanc et Huile Essentielle de Cyprio, Vanille

Les Collections Privées

Air freshener Ana Abiyedh poudrée 300ml – Lattafa

https://lescollectionsprivees.com/wp-content/uploads/2020/02/Logo-Les-Collections-Privées-450x450-1.png
