{"id":6756,"date":"2020-02-10T20:29:36","date_gmt":"2020-02-10T20:29:36","guid":{"rendered":"https:\/\/lescollectionsprivees.com\/?page_id=6756"},"modified":"2025-12-23T08:32:43","modified_gmt":"2025-12-23T08:32:43","slug":"informazioni-legali","status":"publish","type":"page","link":"https:\/\/lescollectionsprivees.com\/it\/mentions-legales\/","title":{"rendered":"Informazioni legali"},"content":{"rendered":"<p>Il sito web https:\/\/lescollectionsprivees.com\/ \u00e8 pubblicato da L.P.S.<\/p>\n<p><strong>Proprietario<\/strong>\u00a0: Parfumerie de Duba\u00ef \u2013 L.P.S \u00e8 una S.A.S.U (societ\u00e0 a responsabilit\u00e0 limitata unipersonale) con capitale sociale di 100 \u20ac iscritta al Registro del Commercio e delle Societ\u00e0 di Nanterre con il numero 895 377 331. Sede legale: 38 RUE DE LA BONGARDE, 92390 VILLENEUVE-LA-GARENNE Francia \u2013 Francia.<\/p>\n<h3>RGPD<\/h3>\n<p>I dati personali raccolti sul nostro sito sono utilizzati per elaborare le richieste di registrazione e gestire i rapporti commerciali (fatture, assistenza post-vendita).<\/p>\n<p>Potremmo inoltre utilizzare i vostri dati per scopi pubblicitari, dopo aver ottenuto il vostro consenso esplicito o nei limiti autorizzati dalla legge. Potremmo inoltre utilizzare i vostri dati per adempiere ai nostri obblighi legali e\/o normativi.<\/p>\n<p>I destinatari dei vostri dati personali sono, se del caso, i nostri fornitori di servizi di pagamento o di sicurezza dei pagamenti, i nostri fornitori di servizi di consegna e i nostri partner commerciali.<\/p>\n<p>Laddove richiesto dalla legge, il vostro consenso sar\u00e0 ottenuto o vi sar\u00e0 data l'opportunit\u00e0 di rifiutare prima che i dati siano trasmessi.<\/p>\n<p>Pubblicit\u00e0 via e-mail: se non si desidera pi\u00f9 ricevere pubblicit\u00e0 via e-mail, \u00e8 possibile annullare l'iscrizione alle newsletter in qualsiasi momento facendo clic sul link di annullamento dell'iscrizione presente in ogni e-mail.<\/p>\n<h3>ALLOGGIO<\/h3>\n<p>Questo sito \u00e8 ospitato da<\/p>\n<p><strong>02switch<\/strong><\/p>\n<p>SARL con capitale di 100.000 euro<br \/>\nRCS Clermont-Ferrand B 510 909 807<br \/>\nCodice APE 6311Z<br \/>\nNUMERO DELLA SIRENA: 510 909 80700024<br \/>\nSede legale: 224 bd Gustave Flaubert 63000 Clermont-Ferrand - FRANCIA<br \/>\nOperatore di telecomunicazioni registrato ARCEP - Proprietario della sua rete AS50474.<\/p>\n<h3>COCCOLE<\/h3>\n<p>Per migliorare la vostra esperienza sul nostro sito web, utilizziamo i cookie per migliorare l'interattivit\u00e0 e i servizi del sito.<\/p>\n<h3>INDIRIZZI E-MAIL MESSI ONLINE<\/h3>\n<p>Questo tipo di informazioni viene messo in linea per consentire agli utenti di Internet di accedere pi\u00f9 rapidamente alle informazioni che cercano. Non possono essere utilizzate per nessun altro scopo, in particolare per il canottaggio commerciale.<\/p>\n<h3>COPYRIGHT E CREDITO FOTOGRAFICO<\/h3>\n<p>Se non diversamente specificato, il layout, le immagini e i contenuti di questo sito (compresi testi, fotografie, disegni, diagrammi, marchi e loghi) sono opere protette dalla legge sulla propriet\u00e0 intellettuale e appartengono a L.P.S.<\/p>\n<p>Pertanto, fatte salve le disposizioni del Codice della Propriet\u00e0 Intellettuale, questi layout, immagini e contenuti non possono essere utilizzati, nemmeno parzialmente, modificati, adattati, rappresentati, incorporati o tradotti senza la preventiva autorizzazione scritta di L.P.S, in qualsiasi parte del mondo.<\/p>\n<h3>RESPONSABILIT\u00c0<\/h3>\n<p>Tutte le informazioni presenti sul sito, in qualsiasi forma, hanno scopo puramente informativo e non sono vincolanti per L.P.S..<\/p>\n<p>L.P.S. non garantisce che tali informazioni siano accurate o complete.<\/p>\n<p>Inoltre, L.P.S. non pu\u00f2 essere ritenuta responsabile di eventuali danni diretti o indiretti subiti da un utente di Internet a causa dell'utilizzo di questo sito o dell'impossibilit\u00e0 di accedervi.<\/p>\n<h3>CAMBIAMENTO<\/h3>\n<p>L.P.S. si riserva il diritto di modificare la presente nota legale in qualsiasi momento, senza doverne dare comunicazione agli utenti. \u00c8 responsabilit\u00e0 esclusiva degli utenti controllare regolarmente il contenuto.<\/p>\n<h3>FUNZIONAMENTO<\/h3>\n<p>Se avete commenti sul funzionamento del sito, inviate un messaggio al webmaster: contact@lescollectionsprivees.com.<\/p>\n<h4>Contattateci all'indirizzo<\/h4>\n<p>Direttore della pubblicazione: Il Presidente<\/p>\n<p>Presidente di L.P.S.: Ait Lahcen Abderrahim<\/p>\n<p>Numero di telefono :<\/p>\n<p>L.P.S. \u00e8 disciplinata dal diritto francese.<\/p>","protected":false},"excerpt":{"rendered":"<p>Le site https:\/\/lescollectionsprivees.com\/\u00a0est une publication de la soci\u00e9t\u00e9 L.P.S. Propri\u00e9taire\u00a0: Parfumerie de Duba\u00ef \u2013 L.P.S est une S.A.S.U au capital de 100\u20ac inscrite au RCS de Nanterre sous le num\u00e9ro 895 377 331. Si\u00e8ge social : 38 RUE DE LA BONGARDE, 92390 VILLENEUVE-LA-GARENNE France \u2013 France. RGPD Les donn\u00e9es personnelles collect\u00e9es sur notre site sont [&#8230;]\n","protected":false},"author":1,"featured_media":0,"parent":0,"menu_order":0,"comment_status":"closed","ping_status":"closed","template":"","meta":{"footnotes":""},"class_list":["post-6756","page","type-page","status-publish","hentry"],"yoast_head":"<!-- This site is optimized with the Yoast SEO plugin v27.3 - https:\/\/yoast.com\/product\/yoast-seo-wordpress\/ -->\n<title>Mentions L\u00e9gales - Les Collections Priv\u00e9es<\/title>\n<meta name=\"robots\" content=\"index, follow, max-snippet:-1, max-image-preview:large, max-video-preview:-1\" \/>\n<link rel=\"canonical\" href=\"https:\/\/lescollectionsprivees.com\/it\/informazioni-legali\/\" \/>\n<meta property=\"og:locale\" content=\"it_IT\" \/>\n<meta property=\"og:type\" content=\"article\" \/>\n<meta property=\"og:title\" content=\"Mentions L\u00e9gales - Les Collections Priv\u00e9es\" \/>\n<meta property=\"og:description\" content=\"Le site https:\/\/lescollectionsprivees.com\/\u00a0est une publication de la soci\u00e9t\u00e9 L.P.S. Propri\u00e9taire\u00a0: Parfumerie de Duba\u00ef \u2013 L.P.S est une S.A.S.U au capital de 100\u20ac inscrite au RCS de Nanterre sous le num\u00e9ro 895 377 331. Si\u00e8ge social : 38 RUE DE LA BONGARDE, 92390 VILLENEUVE-LA-GARENNE France \u2013 France. RGPD Les donn\u00e9es personnelles collect\u00e9es sur notre site sont [...]\" \/>\n<meta property=\"og:url\" content=\"https:\/\/lescollectionsprivees.com\/it\/informazioni-legali\/\" \/>\n<meta property=\"og:site_name\" content=\"Les Collections Priv\u00e9es\" \/>\n<meta property=\"article:modified_time\" content=\"2025-12-23T08:32:43+00:00\" \/>\n<meta name=\"twitter:card\" content=\"summary_large_image\" \/>\n<meta name=\"twitter:label1\" content=\"Tempo di lettura stimato\" \/>\n\t<meta name=\"twitter:data1\" content=\"3 minuti\" \/>\n<script type=\"application\/ld+json\" class=\"yoast-schema-graph\">{\"@context\":\"https:\\\/\\\/schema.org\",\"@graph\":[{\"@type\":\"WebPage\",\"@id\":\"https:\\\/\\\/lescollectionsprivees.com\\\/mentions-legales\\\/\",\"url\":\"https:\\\/\\\/lescollectionsprivees.com\\\/mentions-legales\\\/\",\"name\":\"Mentions L\u00e9gales - Les Collections Priv\u00e9es\",\"isPartOf\":{\"@id\":\"https:\\\/\\\/lescollectionsprivees.com\\\/#website\"},\"datePublished\":\"2020-02-10T20:29:36+00:00\",\"dateModified\":\"2025-12-23T08:32:43+00:00\",\"breadcrumb\":{\"@id\":\"https:\\\/\\\/lescollectionsprivees.com\\\/mentions-legales\\\/#breadcrumb\"},\"inLanguage\":\"it-IT\",\"potentialAction\":[{\"@type\":\"ReadAction\",\"target\":[\"https:\\\/\\\/lescollectionsprivees.com\\\/mentions-legales\\\/\"]}]},{\"@type\":\"BreadcrumbList\",\"@id\":\"https:\\\/\\\/lescollectionsprivees.com\\\/mentions-legales\\\/#breadcrumb\",\"itemListElement\":[{\"@type\":\"ListItem\",\"position\":1,\"name\":\"Accueil\",\"item\":\"https:\\\/\\\/lescollectionsprivees.com\\\/\"},{\"@type\":\"ListItem\",\"position\":2,\"name\":\"Mentions L\u00e9gales\"}]},{\"@type\":\"WebSite\",\"@id\":\"https:\\\/\\\/lescollectionsprivees.com\\\/#website\",\"url\":\"https:\\\/\\\/lescollectionsprivees.com\\\/\",\"name\":\"Les Collections Priv\u00e9es\",\"description\":\"\",\"publisher\":{\"@id\":\"https:\\\/\\\/lescollectionsprivees.com\\\/#organization\"},\"potentialAction\":[{\"@type\":\"SearchAction\",\"target\":{\"@type\":\"EntryPoint\",\"urlTemplate\":\"https:\\\/\\\/lescollectionsprivees.com\\\/?s={search_term_string}\"},\"query-input\":{\"@type\":\"PropertyValueSpecification\",\"valueRequired\":true,\"valueName\":\"search_term_string\"}}],\"inLanguage\":\"it-IT\"},{\"@type\":\"Organization\",\"@id\":\"https:\\\/\\\/lescollectionsprivees.com\\\/#organization\",\"name\":\"Les Collections Priv\u00e9es\",\"url\":\"https:\\\/\\\/lescollectionsprivees.com\\\/\",\"logo\":{\"@type\":\"ImageObject\",\"inLanguage\":\"it-IT\",\"@id\":\"https:\\\/\\\/lescollectionsprivees.com\\\/#\\\/schema\\\/logo\\\/image\\\/\",\"url\":\"https:\\\/\\\/lescollectionsprivees.com\\\/wp-content\\\/uploads\\\/2020\\\/02\\\/Logo-Les-Collections-Priv\u00e9es-450x450-1.png\",\"contentUrl\":\"https:\\\/\\\/lescollectionsprivees.com\\\/wp-content\\\/uploads\\\/2020\\\/02\\\/Logo-Les-Collections-Priv\u00e9es-450x450-1.png\",\"width\":450,\"height\":450,\"caption\":\"Les Collections Priv\u00e9es\"},\"image\":{\"@id\":\"https:\\\/\\\/lescollectionsprivees.com\\\/#\\\/schema\\\/logo\\\/image\\\/\"}}]}<\/script>\n<!-- \/ Yoast SEO plugin. -->","yoast_head_json":{"title":"Avviso legale - Le collezioni private","robots":{"index":"index","follow":"follow","max-snippet":"max-snippet:-1","max-image-preview":"max-image-preview:large","max-video-preview":"max-video-preview:-1"},"canonical":"https:\/\/lescollectionsprivees.com\/it\/informazioni-legali\/","og_locale":"it_IT","og_type":"article","og_title":"Mentions L\u00e9gales - Les Collections Priv\u00e9es","og_description":"Le site https:\/\/lescollectionsprivees.com\/\u00a0est une publication de la soci\u00e9t\u00e9 L.P.S. Propri\u00e9taire\u00a0: Parfumerie de Duba\u00ef \u2013 L.P.S est une S.A.S.U au capital de 100\u20ac inscrite au RCS de Nanterre sous le num\u00e9ro 895 377 331. Si\u00e8ge social : 38 RUE DE LA BONGARDE, 92390 VILLENEUVE-LA-GARENNE France \u2013 France. RGPD Les donn\u00e9es personnelles collect\u00e9es sur notre site sont [...]","og_url":"https:\/\/lescollectionsprivees.com\/it\/informazioni-legali\/","og_site_name":"Les Collections Priv\u00e9es","article_modified_time":"2025-12-23T08:32:43+00:00","twitter_card":"summary_large_image","twitter_misc":{"Tempo di lettura stimato":"3 minuti"},"schema":{"@context":"https:\/\/schema.org","@graph":[{"@type":"WebPage","@id":"https:\/\/lescollectionsprivees.com\/mentions-legales\/","url":"https:\/\/lescollectionsprivees.com\/mentions-legales\/","name":"Avviso legale - Le collezioni private","isPartOf":{"@id":"https:\/\/lescollectionsprivees.com\/#website"},"datePublished":"2020-02-10T20:29:36+00:00","dateModified":"2025-12-23T08:32:43+00:00","breadcrumb":{"@id":"https:\/\/lescollectionsprivees.com\/mentions-legales\/#breadcrumb"},"inLanguage":"it-IT","potentialAction":[{"@type":"ReadAction","target":["https:\/\/lescollectionsprivees.com\/mentions-legales\/"]}]},{"@type":"BreadcrumbList","@id":"https:\/\/lescollectionsprivees.com\/mentions-legales\/#breadcrumb","itemListElement":[{"@type":"ListItem","position":1,"name":"Accueil","item":"https:\/\/lescollectionsprivees.com\/"},{"@type":"ListItem","position":2,"name":"Mentions L\u00e9gales"}]},{"@type":"WebSite","@id":"https:\/\/lescollectionsprivees.com\/#website","url":"https:\/\/lescollectionsprivees.com\/","name":"Collezioni private","description":"","publisher":{"@id":"https:\/\/lescollectionsprivees.com\/#organization"},"potentialAction":[{"@type":"SearchAction","target":{"@type":"EntryPoint","urlTemplate":"https:\/\/lescollectionsprivees.com\/?s={search_term_string}"},"query-input":{"@type":"PropertyValueSpecification","valueRequired":true,"valueName":"search_term_string"}}],"inLanguage":"it-IT"},{"@type":"Organization","@id":"https:\/\/lescollectionsprivees.com\/#organization","name":"Collezioni private","url":"https:\/\/lescollectionsprivees.com\/","logo":{"@type":"ImageObject","inLanguage":"it-IT","@id":"https:\/\/lescollectionsprivees.com\/#\/schema\/logo\/image\/","url":"https:\/\/lescollectionsprivees.com\/wp-content\/uploads\/2020\/02\/Logo-Les-Collections-Priv\u00e9es-450x450-1.png","contentUrl":"https:\/\/lescollectionsprivees.com\/wp-content\/uploads\/2020\/02\/Logo-Les-Collections-Priv\u00e9es-450x450-1.png","width":450,"height":450,"caption":"Les Collections Priv\u00e9es"},"image":{"@id":"https:\/\/lescollectionsprivees.com\/#\/schema\/logo\/image\/"}}]}},"_links":{"self":[{"href":"https:\/\/lescollectionsprivees.com\/it\/wp-json\/wp\/v2\/pages\/6756","targetHints":{"allow":["GET"]}}],"collection":[{"href":"https:\/\/lescollectionsprivees.com\/it\/wp-json\/wp\/v2\/pages"}],"about":[{"href":"https:\/\/lescollectionsprivees.com\/it\/wp-json\/wp\/v2\/types\/page"}],"author":[{"embeddable":true,"href":"https:\/\/lescollectionsprivees.com\/it\/wp-json\/wp\/v2\/users\/1"}],"replies":[{"embeddable":true,"href":"https:\/\/lescollectionsprivees.com\/it\/wp-json\/wp\/v2\/comments?post=6756"}],"version-history":[{"count":3,"href":"https:\/\/lescollectionsprivees.com\/it\/wp-json\/wp\/v2\/pages\/6756\/revisions"}],"predecessor-version":[{"id":37183,"href":"https:\/\/lescollectionsprivees.com\/it\/wp-json\/wp\/v2\/pages\/6756\/revisions\/37183"}],"wp:attachment":[{"href":"https:\/\/lescollectionsprivees.com\/it\/wp-json\/wp\/v2\/media?parent=6756"}],"curies":[{"name":"wp","href":"https:\/\/api.w.org\/{rel}","templated":true}]}}

<p>Il sito web https://lescollectionsprivees.com/ è pubblicato da L.P.S.</p>
<p><strong>Proprietario</strong> : Parfumerie de Dubaï – L.P.S è una S.A.S.U (società a responsabilità limitata unipersonale) con capitale sociale di 100 € iscritta al Registro del Commercio e delle Società di Nanterre con il numero 895 377 331. Sede legale: 38 RUE DE LA BONGARDE, 92390 VILLENEUVE-LA-GARENNE Francia – Francia.</p>
<h3>RGPD</h3>
<p>I dati personali raccolti sul nostro sito sono utilizzati per elaborare le richieste di registrazione e gestire i rapporti commerciali (fatture, assistenza post-vendita).</p>
<p>Potremmo inoltre utilizzare i vostri dati per scopi pubblicitari, dopo aver ottenuto il vostro consenso esplicito o nei limiti autorizzati dalla legge. Potremmo inoltre utilizzare i vostri dati per adempiere ai nostri obblighi legali e/o normativi.</p>
<p>I destinatari dei vostri dati personali sono, se del caso, i nostri fornitori di servizi di pagamento o di sicurezza dei pagamenti, i nostri fornitori di servizi di consegna e i nostri partner commerciali.</p>
<p>Laddove richiesto dalla legge, il vostro consenso sarà ottenuto o vi sarà data l'opportunità di rifiutare prima che i dati siano trasmessi.</p>
<p>Pubblicità via e-mail: se non si desidera più ricevere pubblicità via e-mail, è possibile annullare l'iscrizione alle newsletter in qualsiasi momento facendo clic sul link di annullamento dell'iscrizione presente in ogni e-mail.</p>
<h3>ALLOGGIO</h3>
<p>Questo sito è ospitato da</p>
<p><strong>02switch</strong></p>
<p>SARL con capitale di 100.000 euro<br />
RCS Clermont-Ferrand B 510 909 807<br />
Codice APE 6311Z<br />
NUMERO DELLA SIRENA: 510 909 80700024<br />
Sede legale: 224 bd Gustave Flaubert 63000 Clermont-Ferrand - FRANCIA<br />
Operatore di telecomunicazioni registrato ARCEP - Proprietario della sua rete AS50474.</p>
<h3>COCCOLE</h3>
<p>Per migliorare la vostra esperienza sul nostro sito web, utilizziamo i cookie per migliorare l'interattività e i servizi del sito.</p>
<h3>INDIRIZZI E-MAIL MESSI ONLINE</h3>
<p>Questo tipo di informazioni viene messo in linea per consentire agli utenti di Internet di accedere più rapidamente alle informazioni che cercano. Non possono essere utilizzate per nessun altro scopo, in particolare per il canottaggio commerciale.</p>
<h3>COPYRIGHT E CREDITO FOTOGRAFICO</h3>
<p>Se non diversamente specificato, il layout, le immagini e i contenuti di questo sito (compresi testi, fotografie, disegni, diagrammi, marchi e loghi) sono opere protette dalla legge sulla proprietà intellettuale e appartengono a L.P.S.</p>
<p>Pertanto, fatte salve le disposizioni del Codice della Proprietà Intellettuale, questi layout, immagini e contenuti non possono essere utilizzati, nemmeno parzialmente, modificati, adattati, rappresentati, incorporati o tradotti senza la preventiva autorizzazione scritta di L.P.S, in qualsiasi parte del mondo.</p>
<h3>RESPONSABILITÀ</h3>
<p>Tutte le informazioni presenti sul sito, in qualsiasi forma, hanno scopo puramente informativo e non sono vincolanti per L.P.S..</p>
<p>L.P.S. non garantisce che tali informazioni siano accurate o complete.</p>
<p>Inoltre, L.P.S. non può essere ritenuta responsabile di eventuali danni diretti o indiretti subiti da un utente di Internet a causa dell'utilizzo di questo sito o dell'impossibilità di accedervi.</p>
<h3>CAMBIAMENTO</h3>
<p>L.P.S. si riserva il diritto di modificare la presente nota legale in qualsiasi momento, senza doverne dare comunicazione agli utenti. È responsabilità esclusiva degli utenti controllare regolarmente il contenuto.</p>
<h3>FUNZIONAMENTO</h3>
<p>Se avete commenti sul funzionamento del sito, inviate un messaggio al webmaster: contact@lescollectionsprivees.com.</p>
<h4>Contattateci all'indirizzo</h4>
<p>Direttore della pubblicazione: Il Presidente</p>
<p>Presidente di L.P.S.: Ait Lahcen Abderrahim</p>
<p>Numero di telefono :</p>
<p>L.P.S. è disciplinata dal diritto francese.</p>

<p>Le site https://lescollectionsprivees.com/ est une publication de la société L.P.S. Propriétaire : Parfumerie de Dubaï – L.P.S est une S.A.S.U au capital de 100€ inscrite au RCS de Nanterre sous le numéro 895 377 331. Siège social : 38 RUE DE LA BONGARDE, 92390 VILLENEUVE-LA-GARENNE France – France. RGPD Les données personnelles collectées sur notre site sont [&#8230;]

<!-- This site is optimized with the Yoast SEO plugin v27.3 - https://yoast.com/product/yoast-seo-wordpress/ -->
<title>Mentions Légales - Les Collections Privées</title>
<meta name="robots" content="index, follow, max-snippet:-1, max-image-preview:large, max-video-preview:-1" />
<link rel="canonical" href="https://lescollectionsprivees.com/it/informazioni-legali/" />
<meta property="og:locale" content="it_IT" />
<meta property="og:type" content="article" />
<meta property="og:title" content="Mentions Légales - Les Collections Privées" />
<meta property="og:description" content="Le site https://lescollectionsprivees.com/ est une publication de la société L.P.S. Propriétaire : Parfumerie de Dubaï – L.P.S est une S.A.S.U au capital de 100€ inscrite au RCS de Nanterre sous le numéro 895 377 331. Siège social : 38 RUE DE LA BONGARDE, 92390 VILLENEUVE-LA-GARENNE France – France. RGPD Les données personnelles collectées sur notre site sont [...]" />
<meta property="og:url" content="https://lescollectionsprivees.com/it/informazioni-legali/" />
<meta property="og:site_name" content="Les Collections Privées" />
<meta property="article:modified_time" content="2025-12-23T08:32:43+00:00" />
<meta name="twitter:card" content="summary_large_image" />
<meta name="twitter:label1" content="Tempo di lettura stimato" />
	<meta name="twitter:data1" content="3 minuti" />
<script type="application/ld+json" class="yoast-schema-graph">{"@context":"https:\/\/schema.org","@graph":[{"@type":"WebPage","@id":"https:\/\/lescollectionsprivees.com\/mentions-legales\/","url":"https:\/\/lescollectionsprivees.com\/mentions-legales\/","name":"Mentions Légales - Les Collections Privées","isPartOf":{"@id":"https:\/\/lescollectionsprivees.com\/#website"},"datePublished":"2020-02-10T20:29:36+00:00","dateModified":"2025-12-23T08:32:43+00:00","breadcrumb":{"@id":"https:\/\/lescollectionsprivees.com\/mentions-legales\/#breadcrumb"},"inLanguage":"it-IT","potentialAction":[{"@type":"ReadAction","target":["https:\/\/lescollectionsprivees.com\/mentions-legales\/"]}]},{"@type":"BreadcrumbList","@id":"https:\/\/lescollectionsprivees.com\/mentions-legales\/#breadcrumb","itemListElement":[{"@type":"ListItem","position":1,"name":"Accueil","item":"https:\/\/lescollectionsprivees.com\/"},{"@type":"ListItem","position":2,"name":"Mentions Légales"}]},{"@type":"WebSite","@id":"https:\/\/lescollectionsprivees.com\/#website","url":"https:\/\/lescollectionsprivees.com\/","name":"Les Collections Privées","description":"","publisher":{"@id":"https:\/\/lescollectionsprivees.com\/#organization"},"potentialAction":[{"@type":"SearchAction","target":{"@type":"EntryPoint","urlTemplate":"https:\/\/lescollectionsprivees.com\/?s={search_term_string}"},"query-input":{"@type":"PropertyValueSpecification","valueRequired":true,"valueName":"search_term_string"}}],"inLanguage":"it-IT"},{"@type":"Organization","@id":"https:\/\/lescollectionsprivees.com\/#organization","name":"Les Collections Privées","url":"https:\/\/lescollectionsprivees.com\/","logo":{"@type":"ImageObject","inLanguage":"it-IT","@id":"https:\/\/lescollectionsprivees.com\/#\/schema\/logo\/image\/","url":"https:\/\/lescollectionsprivees.com\/wp-content\/uploads\/2020\/02\/Logo-Les-Collections-Privées-450x450-1.png","contentUrl":"https:\/\/lescollectionsprivees.com\/wp-content\/uploads\/2020\/02\/Logo-Les-Collections-Privées-450x450-1.png","width":450,"height":450,"caption":"Les Collections Privées"},"image":{"@id":"https:\/\/lescollectionsprivees.com\/#\/schema\/logo\/image\/"}}]}</script>
<!-- / Yoast SEO plugin. -->

Mentions Légales - Les Collections Privées

Le site https://lescollectionsprivees.com/ est une publication de la société L.P.S. Propriétaire : Parfumerie de Dubaï – L.P.S est une S.A.S.U au capital de 100€ inscrite au RCS de Nanterre sous le numéro 895 377 331. Siège social : 38 RUE DE LA BONGARDE, 92390 VILLENEUVE-LA-GARENNE France – France. RGPD Les données personnelles collectées sur notre site sont [...]

Les Collections Privées

Mentions Légales

https://lescollectionsprivees.com/wp-content/uploads/2020/02/Logo-Les-Collections-Privées-450x450-1.png
